e 450603216?
False
Is 33021769 a multiple of 17?
True
Does 16 divide 2193672800?
True
Is 1387544 a multiple of 46?
True
Is 125 a factor of 2981540?
False
Is 39 a factor of 182308582?
False
Is 3139 a factor of 119564384?
False
Is 23 a factor of 149359378?
True
Is 104503482 a multiple of 18?
True
Is 350 a factor of 4515433?
False
Is 1631745 a multiple of 395?
True
Is 181 a factor of 118105396?
True
Is 5 a factor of 598698600?
True
Is 25 a factor of 59988434?
False
Does 1873 divide 68441008?
False
Does 3193 divide 796653858?
False
Is 16 a factor of 420931779?
False
Is 398 a factor of 203408646?
True
Is 26 a factor of 39474422?
True
Is 3594277 even?
False
Is 1522 a factor of 2837853494?
False
Is 31865031 a multiple of 312?
False
Is 1108946272 a multiple of 12?
False
Is 886935787 a multiple of 139?
True
Does 57 divide 24851544?
True
Is 152507266 a multiple of 23?
False
Does 1251 divide 3409746?
False
Is 950892433 a multiple of 81?
False
Does 16 divide 32518429?
False
Is 315450590 a multiple of 35?
True
Is 220684928 a multiple of 1317?
False
Does 12 divide 631115340?
True
Is 25868522 a multiple of 246?
False
Is 366 a factor of 215277243?
False
Is 2250930 a multiple of 10?
True
Is 1927 a factor of 1034673745?
True
Is 11303742 a multiple of 102?
True
Is 5507212 a multiple of 713?
True
Is 271 a factor of 55734414?
False
Does 5 divide 5576050?
True
Is 67 a factor of 108137732?
True
Is 97556721 a multiple of 93?
True
Is 1419 a factor of 1415347494?
True
Is 140 a factor of 658850360?
True
Is 1347914088 a multiple of 27?
True
Is 41592392 a multiple of 7?
False
Is 14 a factor of 71521744?
True
Is 209093490 a multiple of 1876?
False
Is 7982 a factor of 534979531?
False
Does 13 divide 103869142?
True
Does 41 divide 499866096?
True
Is 1171 a factor of 162481712?
False
Is 76 a factor of 184952283?
False
Is 3283 a factor of 309445731?
True
Does 20 divide 5189423043?
False
Does 381 divide 512677672?
False
Is 13444 a factor of 1088332132?
True
Is 1144911852 a multiple of 219?
True
Is 426 a factor of 124643766?
True
Does 2952 divide 1293551640?
True
Does 2 divide 52755400?
True
Is 1197341400 a multiple of 1436?
False
Is 181804670 a multiple of 743?
True
Is 65224186 a multiple of 16?
False
Is 503 a factor of 29852793?
False
Is 15537949 a multiple of 833?
True
Does 3823 divide 48640029?
True
Is 10 a factor of 18014340?
True
Does 15 divide 57354795?
True
Is 249133470 a multiple of 335?
True
Does 7 divide 565639791?
False
Does 9 divide 665534539?
False
Is 420816190 a multiple of 940?
False
Is 98283438 a multiple of 55?
False
Does 8 divide 9555469?
False
Is 199899296 a multiple of 16?
True
Does 17 divide 537475519?
True
Does 1032 divide 16255032?
True
Is 11014119 a multiple of 403?
False
Is 279989098 a multiple of 10?
False
Does 536 divide 797411585?
False
Is 24409574 a multiple of 14?
True
Is 7699915 even?
False
Is 1502572155 a multiple of 7?
True
Does 877 divide 4544807817?
True
Is 145 a factor of 2541463363?
False
Does 473 divide 429559324?
False
Is 349 a factor of 665989720?
True
Is 179631086 a multiple of 367?
True
Is 216626760 a multiple of 1116?
True
Does 666 divide 20979000?
True
Is 584 a factor of 1518048145?
False
Does 727 divide 5157492671?
False
Is 192802491 a multiple of 153?
True
Is 1087218665 a multiple of 215?
True
Does 939 divide 383214351?
True
Is 40 a factor of 189611575?
False
Is 1067367649 a multiple of 45?
False
Does 713 divide 2682999372?
False
Is 52 a factor of 1102993424?
True
Is 1111290240 a multiple of 16?
True
Does 306 divide 184468428?
True
Is 3698 a factor of 438686344?
True
Does 8843 divide 3255824583?
True
Is 1272 a factor of 1511574840?
True
Is 8 a factor of 76026109?
False
Is 78104115 a multiple of 963?
True
Does 122 divide 215274360?
False
Is 5 a factor of 58827636?
False
Does 8 divide 2799856?
True
Is 51 a factor of 27955646?
False
Is 340 a factor of 81660674?
False
Does 2481 divide 205743274?
False
Is 468307692 a multiple of 121?
False
Is 348 a factor of 4242672972?
True
Is 25 a factor of 4793250?
True
Is 7 a factor of 1526260701?
True
Is 2 a factor of 22713878?
True
Is 41759746 a multiple of 14?
True
Is 14 a factor of 738244423?
False
Is 219 a factor of 40052691?
True
Does 28 divide 16699620?
True
Does 527 divide 29350738?
True
Does 36 divide 1830467991?
False
Is 192693056 a multiple of 1888?
True
Is 7 a factor of 46998682?
False
Is 30149218 a multiple of 414?
False
Is 8507882 a multiple of 345?
False
Is 330240936 a multiple of 20?
False
Is 2268 a factor of 191010960?
True
Is 66 a factor of 83158152?
True
Does 78 divide 521812105?
False
Does 11 divide 173142651?
True
Is 5325 a factor of 1122257894?
False
Is 1528 a factor of 1113944088?
True
Is 204222980 a multiple of 37?
True
Does 4793 divide 31561905?
True
Does 494 divide 82858126?
True
Is 111 a factor of 487732446?
True
Is 116909413 a multiple of 19?
True
Is 612 a factor of 1972487016?
True
Is 922662809 a multiple of 144?
False
Does 3 divide 57304092?
True
Does 49 divide 28283329?
False
Does 743 divide 111222642?
True
Is 9 a factor of 21896964?
True
Is 1370044608 a multiple of 50?
False
Is 26922904 a multiple of 269?
False
Does 357 divide 36908560?
False
Is 905102758 a multiple of 302?
True
Is 24 a factor of 9429168?
True
Is 54 a factor of 1877506182?
True
Does 118 divide 760209926?
True
Is 98 a factor of 1491617308?
False
Does 643 divide 12987314?
True
Is 624 a factor of 475885085?
False
Does 1685 divide 286819015?
True
Is 368483115 a multiple of 3795?
True
Is 14 a factor of 1387990576?
True
Is 3204820 a multiple of 5211?
False
Is 35767949 a multiple of 287?
True
Does 7 divide 3459576?
False
Is 834 a factor of 388988821?
False
Is 407 a factor of 2503402?
False
Does 1454 divide 223663004?
True
Is 40 a factor of 354076360?
True
Is 95 a factor of 46807215?
False
Is 49911973 a multiple of 48?
False
Is 3427191563 a multiple of 3714?
False
Is 6 a factor of 320199646?
False
Is 24 a factor of 207749507?
False
Does 10 divide 48808610?
True
Is 99583096 a multiple of 146?
True
Is 597342302 a multiple of 4486?
True
Is 12395183 a multiple of 5?
False
Is 2671566732 a multiple of 837?
True
Does 732 divide 3263932583?
False
Is 1439265568 a multiple of 52?
True
Is 14134440 a multiple of 24?
True
Is 28 a factor of 1915703881?
False
Does 20 divide 6817023?
False
Is 632210118 a multiple of 76?
False
Is 108 a factor of 8402076?
True
Does 21 divide 60394530?
True
Is 46873882 a multiple of 12?
False
Is 461346705 a multiple of 41?
False
Is 4094 a factor of 303594664?
True
Does 10 divide 3926883090?
True
Is 12 a factor of 83762616?
True
Is 9 a factor of 65447334?
True
Is 444 a factor of 7650564?
True
Is 5077883 a multiple of 62?
False
Does 19 divide 80398671?
True
Is 202558886 a multiple of 409?
True
Does 6 divide 1143429?
False
Is 1593 a factor of 303060285?
True
Does 52 divide 78065468?
True
Does 532 divide 76402648?
True
Is 847088180 a multiple of 326?
True
Does 211 divide 43801701?
True
Is 64852088 a multiple of 23?
True
Does 1486 divide 1570702000?
True
Is 2517325507 a multiple of 242?
False
Is 64 a factor of 588771639?
False
Is 12 a factor of 2427788523?
False
Does 2890 divide 866359725?
False
Is 13922605 a multiple of 254?
False
Is 963662560 a multiple of 20?
True
Is 17640557 a multiple of 102?
False
Is 13 a factor of 237487120?
True
Is 24 a factor of 5614357392?
True
Is 2456 a factor of 863016279?
False
Is 6 a factor of 12238884?
True
Does 94 divide 607645046?
True
Does 10 divide 789097272?
False
Does 157 divide 106817292?
False
Is 305499794 a multiple of 780?
False
Is 42894885 a multiple of 1265?
True
Is 9802400 a multiple of 16?
True
Is 527 a factor of 85783479?
True
Does 61 divide 1407518339?
False
Does 30 divide 980098594?
False
Is 1065027 even?
False
Is 725 a factor of 41275700?
True
Is 2893895550 a multiple of 136?
False
Does 44 divide 82470178?
False
Does 3 divide 280173863?
False
Is 36198653 a multiple of 37?
False
Is 739653780 a multiple of 1766?
True
Is 2866128112 a multiple of 12?
False
Does 16 divide 1069156061?
False
Is 71 a factor of 526341192?
False
Is 460261608 a multiple of 13?
False
Is 88 a factor of 4999576736?
True
Is 164518766 a multiple of 43?
False
Does 1599 divide 4295670327?
True
Is 19 a factor of 59896293?
False
Is 20 a factor of 8606920?
True
Is 29 a factor of 1578